{"id":1618,"date":"2018-04-21T00:08:23","date_gmt":"2018-04-20T22:08:23","guid":{"rendered":"http:\/\/www.taumelland.de\/?page_id=1618"},"modified":"2022-04-26T19:38:40","modified_gmt":"2022-04-26T17:38:40","slug":"songs","status":"publish","type":"page","link":"https:\/\/www.taumelland.de\/index.php\/songs\/","title":{"rendered":"Songs"},"content":{"rendered":"<p><a href=\"https:\/\/i0.wp.com\/www.taumelland.de\/wp-content\/uploads\/2018\/04\/Songs.jpg\" rel=\"lightbox[1618]\"><img data-recalc-dims=\"1\" loading=\"lazy\" decoding=\"async\" data-attachment-id=\"1638\" data-permalink=\"https:\/\/www.taumelland.de\/index.php\/songs\/songs\/\" data-orig-file=\"https:\/\/i0.wp.com\/www.taumelland.de\/wp-content\/uploads\/2018\/04\/Songs.jpg?fit=960%2C640&amp;ssl=1\" data-orig-size=\"960,640\" data-comments-opened=\"1\" data-image-meta=\"{&quot;aperture&quot;:&quot;0&quot;,&quot;credit&quot;:&quot;&quot;,&quot;camera&quot;:&quot;&quot;,&quot;caption&quot;:&quot;&quot;,&quot;created_timestamp&quot;:&quot;0&quot;,&quot;copyright&quot;:&quot;&quot;,&quot;focal_length&quot;:&quot;0&quot;,&quot;iso&quot;:&quot;0&quot;,&quot;shutter_speed&quot;:&quot;0&quot;,&quot;title&quot;:&quot;&quot;,&quot;orientation&quot;:&quot;0&quot;}\" data-image-title=\"Songs\" data-image-description=\"\" data-image-caption=\"\" data-large-file=\"https:\/\/i0.wp.com\/www.taumelland.de\/wp-content\/uploads\/2018\/04\/Songs.jpg?fit=700%2C467&amp;ssl=1\" class=\"alignnone size-full wp-image-1638\" src=\"https:\/\/i0.wp.com\/www.taumelland.de\/wp-content\/uploads\/2018\/04\/Songs.jpg?resize=700%2C467\" alt=\"Songs\" width=\"700\" height=\"467\" srcset=\"https:\/\/i0.wp.com\/www.taumelland.de\/wp-content\/uploads\/2018\/04\/Songs.jpg?w=960&amp;ssl=1 960w, https:\/\/i0.wp.com\/www.taumelland.de\/wp-content\/uploads\/2018\/04\/Songs.jpg?resize=150%2C100&amp;ssl=1 150w, https:\/\/i0.wp.com\/www.taumelland.de\/wp-content\/uploads\/2018\/04\/Songs.jpg?resize=300%2C200&amp;ssl=1 300w, https:\/\/i0.wp.com\/www.taumelland.de\/wp-content\/uploads\/2018\/04\/Songs.jpg?resize=580%2C387&amp;ssl=1 580w, https:\/\/i0.wp.com\/www.taumelland.de\/wp-content\/uploads\/2018\/04\/Songs.jpg?resize=800%2C533&amp;ssl=1 800w\" sizes=\"auto, (max-width: 700px) 100vw, 700px\" \/><\/a><\/p>\n<p>NRW-Forum D\u00fcsseldorf, D\u00fcsseldorf, Januar 2018<\/p>\n<p>Ein Verzeichnis, aller Lieder die auf taumelland zitiert werden. Erweitert um Albentitel und Songs die nur in den Beitragstiteln Erw\u00e4hnung finden. Ihr k\u00f6nnt Euch hieraus selbst eine Playlist zusammenstellen, oder einfach mal reinh\u00f6ren und Euch von der Musik inspirieren lassen.<\/p>\n<p>Die Liste wird regelm\u00e4\u00dfig aktualisiert.<\/p>\n<ul style=\"list-style-type: decimal;\">\n<li>Arcade Fire, Creature Comfort, Everything Now, 2017<\/li>\n<li>Arcade Fire, My Body Is A Cage, Neon Bible, 2007<\/li>\n<li>Bauhaus, All we ever wanted was everything, The sky&#8217;s gone out, 1982<\/li>\n<li>Bj\u00f6rk, The Modern Things, Post, 1995<\/li>\n<li>Blumfeld, So Lebe Ich, Old Nobody, 1994<\/li>\n<li>Bob Dylan, The times they are a -Changin`, The times they are a changing`, 1964<\/li>\n<li>Bryan Ferry, Driving me Wild, Avonmore, 2014<\/li>\n<li>Butthole Surfers, Creep In The Cellar, Rembrandt Pussyhorse, 1986<\/li>\n<li>Can, Dizzy Dizzy, Soon Over Babaluma, 1974<\/li>\n<li>Cat Stevens, Morning has broken, Teaser and the Firecat, 1971<\/li>\n<li>David Bowie, Starman, The Rise And Fall Of Ziggy Stardust, 1972<\/li>\n<li>David Sylvian, Darkest Dreaming, Dead Bees On A Cake, 1999<\/li>\n<li>David Sylvian, Let The Happiness In, Secrets Of The Beehive, 1987<\/li>\n<li>David Sylvian, Where\u2019s Your Gravity? A Victim Of Stars, 2012<\/li>\n<li>Doris Day, Que sera sera, 1956<\/li>\n<li>Edvard Grieg, Morning Mood, Peer Gynt Suite, Wiener Philharmoniker, 2015 (Album)<\/li>\n<li>Elvis Costello, what&#8217;s so funny about peace love and understanding, Armed Forces, 1979<\/li>\n<li>Fatboy Slim, Right Here, Right Now, You\u2019ve Come a Long Way Baby, 1998<\/li>\n<li>Franz Schubert: Winterreise, Der Lindenbaum und Erstarrung, Ian Bostridge, Leif Ove Andsnes, 2000 (Album)<\/li>\n<li>Hania Rani, Leaving, Home. 2020<\/li>\n<li>Hilary Hahn, Hauschka, Draw A Map, Silfra, 2012<\/li>\n<li>Howard Johnson, I scream, You scream, We all Scream for Ice Cream, published 1927<\/li>\n<li>Iron Maiden, Be Quick or Be Dead, Fear Of The Dark, 1992<\/li>\n<li>Iron Maiden, Fear oft he Dark, Fear oft he Dark, 1992<\/li>\n<li>John Cage\/Gerd Zacher, ORGAN\u00b2\/ASLSP, seit 2000 Sankt Burchardi, Halberstadt<\/li>\n<li>John Lennon, Imagine, Imagine, 1971<\/li>\n<li>Jethro Tull, Songs From The Wood, Songs From The Wood, 1977<\/li>\n<li>Kelly Lee Owens, Lucid, Kelly Lee Owens, 2017<\/li>\n<li>Kraftwerk, Spiegelsaal, Trans Europa Express, 1977<\/li>\n<li>Lana Del Rey, Summertime Sadness, Born To Die, 2012<\/li>\n<li>Led Zeppelin, Stairway to Heaven, Led Zepplin IV, 1971<\/li>\n<li>Marc Almond and the willing sinners, tenderness is a weakness, vermin in ermine, 1984<\/li>\n<li>Michael Nyman, The Heart Asks Pleasure First, The Piano, 1993<\/li>\n<li>Neil Young, Hey Hey, My My (Into the Black), Rust Never Sleeps, 1979<\/li>\n<li>Nicolas Jaar, Space Is Only Noise, Space Is Only Noise, 2011<\/li>\n<li>Nomeansno, Rag \u201aN Bones, Wrong, 1989<\/li>\n<li>Nepomuc, Rohmilchertrag, Exzerpte Live aus dem Kunsthaus Wiesbaden, 1999<\/li>\n<li>Paul McCartney, women and wives, Paul McCartney III, 2020<\/li>\n<li>Paul Weller, Wild Wood, Wild Wood, 1993<\/li>\n<li>Pink Floyd, High Hopes, The Division Bell, 1994<\/li>\n<li>Radiohead, Karma Police, OK Computer, 1997<\/li>\n<li>Rain Tree Crow, Blackwater, Rain Tree Crow, 1991<\/li>\n<li>Ramones, Pet Sementary, Brain Drain, 1989<\/li>\n<li>Rod Stewart, Sailing, Atlantic Crossing, 1975<\/li>\n<li>Slowdive, Some Velvet Morning, Souvlaki, 1994<\/li>\n<li>Sodastream, The Devil On My Shoulder, The Hill For Company, 2001<\/li>\n<li>Siouxsie and the Banshees, Hall of Mirrors, through the looking glass, 1987<\/li>\n<li>Talking Heads, Burning Down The House, Speaking In Tongues, 1983<\/li>\n<li>The Cure, A Forest, Seventeen Seconds, 1980<\/li>\n<li>The Housemartins, I smell winter, London 0 Hull 4, 1986<\/li>\n<li>The Middle East, Jesus Came To My Birthday Party, I want That You Are Always Happy, 2011<\/li>\n<li>The National, Fake Empire, Boxer, 2007<\/li>\n<li>The Police, walking on the moon, reggatta de blanc, 1979<\/li>\n<li>The Velvet Underground,Nico, to all tomorrow&#8217;s parties, The Velvet Underground &amp; Nico,1967<\/li>\n<li>The Walkabouts, Man From Reno, Train Leaves at Eight, 2000<\/li>\n<li>The Walkabouts, That&#8217;s How I Live, Train Leaves at Eight, 2000<\/li>\n<li>This Mortal Coil, Fond Affections, It\u2019ll End In Tears, 1984<\/li>\n<li>Wall of Voodoo, Mexican Radio, Mexican Radio, 1982<\/li>\n<li>The Who, Summertime Blues, The Who Sell Out, 1967<\/li>\n<\/ul>\n","protected":false},"excerpt":{"rendered":"<p>NRW-Forum D\u00fcsseldorf, D\u00fcsseldorf, Januar 2018 Ein Verzeichnis, aller Lieder die auf taumelland zitiert werden. Erweitert um Albentitel und Songs die nur in den Beitragstiteln Erw\u00e4hnung finden. Ihr k\u00f6nnt Euch hieraus selbst eine Playlist zusammenstellen, oder einfach mal reinh\u00f6ren und Euch von der Musik inspirieren lassen.&hellip;<\/p>\n","protected":false},"author":1,"featured_media":0,"parent":0,"menu_order":0,"comment_status":"closed","ping_status":"closed","template":"","meta":{"_themeisle_gutenberg_block_has_review":false,"footnotes":""},"class_list":["post-1618","page","type-page","status-publish","hentry"],"yoast_head":"<!-- This site is optimized with the Yoast SEO plugin v27.5 - https:\/\/yoast.com\/product\/yoast-seo-wordpress\/ -->\n<title>Songs - taumelland.de<\/title>\n<meta name=\"robots\" content=\"index, follow, max-snippet:-1, max-image-preview:large, max-video-preview:-1\" \/>\n<link rel=\"canonical\" href=\"https:\/\/www.taumelland.de\/index.php\/songs\/\" \/>\n<meta property=\"og:locale\" content=\"de_DE\" \/>\n<meta property=\"og:type\" content=\"article\" \/>\n<meta property=\"og:title\" content=\"Songs - taumelland.de\" \/>\n<meta property=\"og:description\" content=\"NRW-Forum D\u00fcsseldorf, D\u00fcsseldorf, Januar 2018 Ein Verzeichnis, aller Lieder die auf taumelland zitiert werden. Erweitert um Albentitel und Songs die nur in den Beitragstiteln Erw\u00e4hnung finden. Ihr k\u00f6nnt Euch hieraus selbst eine Playlist zusammenstellen, oder einfach mal reinh\u00f6ren und Euch von der Musik inspirieren lassen.&hellip;\" \/>\n<meta property=\"og:url\" content=\"https:\/\/www.taumelland.de\/index.php\/songs\/\" \/>\n<meta property=\"og:site_name\" content=\"taumelland.de\" \/>\n<meta property=\"article:modified_time\" content=\"2022-04-26T17:38:40+00:00\" \/>\n<meta property=\"og:image\" content=\"http:\/\/www.taumelland.de\/wp-content\/uploads\/2018\/04\/Songs.jpg\" \/>\n<meta name=\"twitter:card\" content=\"summary_large_image\" \/>\n<meta name=\"twitter:label1\" content=\"Gesch\u00e4tzte Lesezeit\" \/>\n\t<meta name=\"twitter:data1\" content=\"4\u00a0Minuten\" \/>\n<script type=\"application\/ld+json\" class=\"yoast-schema-graph\">{\"@context\":\"https:\\\/\\\/schema.org\",\"@graph\":[{\"@type\":\"WebPage\",\"@id\":\"https:\\\/\\\/www.taumelland.de\\\/index.php\\\/songs\\\/\",\"url\":\"https:\\\/\\\/www.taumelland.de\\\/index.php\\\/songs\\\/\",\"name\":\"Songs - taumelland.de\",\"isPartOf\":{\"@id\":\"https:\\\/\\\/www.taumelland.de\\\/#website\"},\"primaryImageOfPage\":{\"@id\":\"https:\\\/\\\/www.taumelland.de\\\/index.php\\\/songs\\\/#primaryimage\"},\"image\":{\"@id\":\"https:\\\/\\\/www.taumelland.de\\\/index.php\\\/songs\\\/#primaryimage\"},\"thumbnailUrl\":\"http:\\\/\\\/www.taumelland.de\\\/wp-content\\\/uploads\\\/2018\\\/04\\\/Songs.jpg\",\"datePublished\":\"2018-04-20T22:08:23+00:00\",\"dateModified\":\"2022-04-26T17:38:40+00:00\",\"breadcrumb\":{\"@id\":\"https:\\\/\\\/www.taumelland.de\\\/index.php\\\/songs\\\/#breadcrumb\"},\"inLanguage\":\"de\",\"potentialAction\":[{\"@type\":\"ReadAction\",\"target\":[\"https:\\\/\\\/www.taumelland.de\\\/index.php\\\/songs\\\/\"]}]},{\"@type\":\"ImageObject\",\"inLanguage\":\"de\",\"@id\":\"https:\\\/\\\/www.taumelland.de\\\/index.php\\\/songs\\\/#primaryimage\",\"url\":\"http:\\\/\\\/www.taumelland.de\\\/wp-content\\\/uploads\\\/2018\\\/04\\\/Songs.jpg\",\"contentUrl\":\"http:\\\/\\\/www.taumelland.de\\\/wp-content\\\/uploads\\\/2018\\\/04\\\/Songs.jpg\"},{\"@type\":\"BreadcrumbList\",\"@id\":\"https:\\\/\\\/www.taumelland.de\\\/index.php\\\/songs\\\/#breadcrumb\",\"itemListElement\":[{\"@type\":\"ListItem\",\"position\":1,\"name\":\"Home\",\"item\":\"https:\\\/\\\/www.taumelland.de\\\/\"},{\"@type\":\"ListItem\",\"position\":2,\"name\":\"Songs\"}]},{\"@type\":\"WebSite\",\"@id\":\"https:\\\/\\\/www.taumelland.de\\\/#website\",\"url\":\"https:\\\/\\\/www.taumelland.de\\\/\",\"name\":\"taumelland.de\",\"description\":\"der romantische Fotoblog\",\"publisher\":{\"@id\":\"https:\\\/\\\/www.taumelland.de\\\/#\\\/schema\\\/person\\\/d408cfcd33462b0f8d9e9356cfef1aab\"},\"potentialAction\":[{\"@type\":\"SearchAction\",\"target\":{\"@type\":\"EntryPoint\",\"urlTemplate\":\"https:\\\/\\\/www.taumelland.de\\\/?s={search_term_string}\"},\"query-input\":{\"@type\":\"PropertyValueSpecification\",\"valueRequired\":true,\"valueName\":\"search_term_string\"}}],\"inLanguage\":\"de\"},{\"@type\":[\"Person\",\"Organization\"],\"@id\":\"https:\\\/\\\/www.taumelland.de\\\/#\\\/schema\\\/person\\\/d408cfcd33462b0f8d9e9356cfef1aab\",\"name\":\"Marcus Bohl\",\"image\":{\"@type\":\"ImageObject\",\"inLanguage\":\"de\",\"@id\":\"https:\\\/\\\/i0.wp.com\\\/www.taumelland.de\\\/wp-content\\\/uploads\\\/2022\\\/04\\\/rosa3.jpg?fit=960%2C639&ssl=1\",\"url\":\"https:\\\/\\\/i0.wp.com\\\/www.taumelland.de\\\/wp-content\\\/uploads\\\/2022\\\/04\\\/rosa3.jpg?fit=960%2C639&ssl=1\",\"contentUrl\":\"https:\\\/\\\/i0.wp.com\\\/www.taumelland.de\\\/wp-content\\\/uploads\\\/2022\\\/04\\\/rosa3.jpg?fit=960%2C639&ssl=1\",\"width\":960,\"height\":639,\"caption\":\"Marcus Bohl\"},\"logo\":{\"@id\":\"https:\\\/\\\/i0.wp.com\\\/www.taumelland.de\\\/wp-content\\\/uploads\\\/2022\\\/04\\\/rosa3.jpg?fit=960%2C639&ssl=1\"},\"sameAs\":[\"https:\\\/\\\/www.instagram.com\\\/taumelland\\\/?hl=de\"]}]}<\/script>\n<!-- \/ Yoast SEO plugin. -->","yoast_head_json":{"title":"Songs - taumelland.de","robots":{"index":"index","follow":"follow","max-snippet":"max-snippet:-1","max-image-preview":"max-image-preview:large","max-video-preview":"max-video-preview:-1"},"canonical":"https:\/\/www.taumelland.de\/index.php\/songs\/","og_locale":"de_DE","og_type":"article","og_title":"Songs - taumelland.de","og_description":"NRW-Forum D\u00fcsseldorf, D\u00fcsseldorf, Januar 2018 Ein Verzeichnis, aller Lieder die auf taumelland zitiert werden. Erweitert um Albentitel und Songs die nur in den Beitragstiteln Erw\u00e4hnung finden. Ihr k\u00f6nnt Euch hieraus selbst eine Playlist zusammenstellen, oder einfach mal reinh\u00f6ren und Euch von der Musik inspirieren lassen.&hellip;","og_url":"https:\/\/www.taumelland.de\/index.php\/songs\/","og_site_name":"taumelland.de","article_modified_time":"2022-04-26T17:38:40+00:00","og_image":[{"url":"http:\/\/www.taumelland.de\/wp-content\/uploads\/2018\/04\/Songs.jpg","type":"","width":"","height":""}],"twitter_card":"summary_large_image","twitter_misc":{"Gesch\u00e4tzte Lesezeit":"4\u00a0Minuten"},"schema":{"@context":"https:\/\/schema.org","@graph":[{"@type":"WebPage","@id":"https:\/\/www.taumelland.de\/index.php\/songs\/","url":"https:\/\/www.taumelland.de\/index.php\/songs\/","name":"Songs - taumelland.de","isPartOf":{"@id":"https:\/\/www.taumelland.de\/#website"},"primaryImageOfPage":{"@id":"https:\/\/www.taumelland.de\/index.php\/songs\/#primaryimage"},"image":{"@id":"https:\/\/www.taumelland.de\/index.php\/songs\/#primaryimage"},"thumbnailUrl":"http:\/\/www.taumelland.de\/wp-content\/uploads\/2018\/04\/Songs.jpg","datePublished":"2018-04-20T22:08:23+00:00","dateModified":"2022-04-26T17:38:40+00:00","breadcrumb":{"@id":"https:\/\/www.taumelland.de\/index.php\/songs\/#breadcrumb"},"inLanguage":"de","potentialAction":[{"@type":"ReadAction","target":["https:\/\/www.taumelland.de\/index.php\/songs\/"]}]},{"@type":"ImageObject","inLanguage":"de","@id":"https:\/\/www.taumelland.de\/index.php\/songs\/#primaryimage","url":"http:\/\/www.taumelland.de\/wp-content\/uploads\/2018\/04\/Songs.jpg","contentUrl":"http:\/\/www.taumelland.de\/wp-content\/uploads\/2018\/04\/Songs.jpg"},{"@type":"BreadcrumbList","@id":"https:\/\/www.taumelland.de\/index.php\/songs\/#breadcrumb","itemListElement":[{"@type":"ListItem","position":1,"name":"Home","item":"https:\/\/www.taumelland.de\/"},{"@type":"ListItem","position":2,"name":"Songs"}]},{"@type":"WebSite","@id":"https:\/\/www.taumelland.de\/#website","url":"https:\/\/www.taumelland.de\/","name":"taumelland.de","description":"der romantische Fotoblog","publisher":{"@id":"https:\/\/www.taumelland.de\/#\/schema\/person\/d408cfcd33462b0f8d9e9356cfef1aab"},"potentialAction":[{"@type":"SearchAction","target":{"@type":"EntryPoint","urlTemplate":"https:\/\/www.taumelland.de\/?s={search_term_string}"},"query-input":{"@type":"PropertyValueSpecification","valueRequired":true,"valueName":"search_term_string"}}],"inLanguage":"de"},{"@type":["Person","Organization"],"@id":"https:\/\/www.taumelland.de\/#\/schema\/person\/d408cfcd33462b0f8d9e9356cfef1aab","name":"Marcus Bohl","image":{"@type":"ImageObject","inLanguage":"de","@id":"https:\/\/i0.wp.com\/www.taumelland.de\/wp-content\/uploads\/2022\/04\/rosa3.jpg?fit=960%2C639&ssl=1","url":"https:\/\/i0.wp.com\/www.taumelland.de\/wp-content\/uploads\/2022\/04\/rosa3.jpg?fit=960%2C639&ssl=1","contentUrl":"https:\/\/i0.wp.com\/www.taumelland.de\/wp-content\/uploads\/2022\/04\/rosa3.jpg?fit=960%2C639&ssl=1","width":960,"height":639,"caption":"Marcus Bohl"},"logo":{"@id":"https:\/\/i0.wp.com\/www.taumelland.de\/wp-content\/uploads\/2022\/04\/rosa3.jpg?fit=960%2C639&ssl=1"},"sameAs":["https:\/\/www.instagram.com\/taumelland\/?hl=de"]}]}},"jetpack_sharing_enabled":true,"jetpack_shortlink":"https:\/\/wp.me\/P77Evr-q6","jetpack-related-posts":[],"_links":{"self":[{"href":"https:\/\/www.taumelland.de\/index.php\/wp-json\/wp\/v2\/pages\/1618","targetHints":{"allow":["GET"]}}],"collection":[{"href":"https:\/\/www.taumelland.de\/index.php\/wp-json\/wp\/v2\/pages"}],"about":[{"href":"https:\/\/www.taumelland.de\/index.php\/wp-json\/wp\/v2\/types\/page"}],"author":[{"embeddable":true,"href":"https:\/\/www.taumelland.de\/index.php\/wp-json\/wp\/v2\/users\/1"}],"replies":[{"embeddable":true,"href":"https:\/\/www.taumelland.de\/index.php\/wp-json\/wp\/v2\/comments?post=1618"}],"version-history":[{"count":9,"href":"https:\/\/www.taumelland.de\/index.php\/wp-json\/wp\/v2\/pages\/1618\/revisions"}],"predecessor-version":[{"id":3015,"href":"https:\/\/www.taumelland.de\/index.php\/wp-json\/wp\/v2\/pages\/1618\/revisions\/3015"}],"wp:attachment":[{"href":"https:\/\/www.taumelland.de\/index.php\/wp-json\/wp\/v2\/media?parent=1618"}],"curies":[{"name":"wp","href":"https:\/\/api.w.org\/{rel}","templated":true}]}}